
Calculate the remainder when 68741462 is divided by 9820208.
6
Calculate the remainder when 35720 is divided by 15846.
4028
What is the remainder when 25756070 is divided by 42?
32
What is the remainder when 4120957 is divided by 322?
1
What is the remainder when 7979987 is divided by 166245?
227
What is the remainder when 4345995 is divided by 334305?
30
What is the remainder when 21886 is divided by 5167?
1218
Calculate the remainder when 15357 is divided by 10156.
5201
Calculate the remainder when 253741 is divided by 555.
106
Calculate the remainder when 42296903 is divided by 28.
19
Calculate the remainder when 2056105 is divided by 514021.
21
Calculate the remainder when 659317 is divided by 3729.
3013
What is the remainder when 1501374038 is divided by 15670?
15668
Calculate the remainder when 19513631 is divided by 8.
7
Calculate the remainder when 5592127 is divided by 26.
21
Calculate the remainder when 1078010 is divided by 18.
8
What is the remainder when 5858865 is divided by 652?
645
Calculate the remainder when 337303 is divided by 5522.
461
Calculate the remainder when 19436458 is divided by 218.
14
What is the remainder when 4855839 is divided by 122?
117
Calculate the remainder when 164752 is divided by 32941.
47
Calculate the remainder when 149291 is divided by 140.
51
Calculate the remainder when 764315 is divided by 1019.
65
Calculate the remainder when 26119131 is divided by 533.
532
What is the remainder when 3327 is divided by 389?
215
Calculate the remainder when 1052601 is divided by 2599.
6
What is the remainder when 598259 is divided by 4985?
59
What is the remainder when 139124 is divided by 34265?
2064
Calculate the remainder when 158561 is divided by 319.
18
What is the remainder when 1569992 is divided by 2?
0
What is the remainder when 4881200 is divided by 112?
16
Calculate the remainder when 4469345 is divided by 67.
43
What is the remainder when 33631594 is divided by 24?
10
Calculate the remainder when 111526 is divided by 1895.
1616
Calculate the remainder when 1020364 is divided by 4813.
8
Calculate the remainder when 5178104 is divided by 178555.
9
What is the remainder when 15878192 is divided by 41?
40
What is the remainder when 209060 is divided by 372?
368
Calculate the remainder when 4191685 is divided by 147.
127
Calculate the remainder when 6470679 is divided by 1294128.
39
What is the remainder when 594388 is divided by 198126?
10
What is the remainder when 37331343 is divided by 5920?
5743
What is the remainder when 114603 is divided by 1211?
769
Calculate the remainder when 132732573 is divided by 2976.
2973
Calculate the remainder when 177803 is divided by 11100.
203
What is the remainder when 2824157 is divided by 3917?
0
What is the remainder when 22857463 is divided by 9165?
9118
Calculate the remainder when 20880115 is divided by 1269.
1258
Calculate the remainder when 2565576 is divided by 88467.
33
Calculate the remainder when 604792 is divided by 604603.
189
Calculate the remainder when 2796753 is divided by 3017.
3011
Calculate the remainder when 574486 is divided by 632.
630
What is the remainder when 404087597 is divided by 112?
109
What is the remainder when 38422 is divided by 37733?
689
What is the remainder when 1166874 is divided by 1329?
12
Calculate the remainder when 90493 is divided by 2010.
43
Calculate the remainder when 656278 is divided by 328092.
94
What is the remainder when 4980183 is divided by 830020?
63
What is the remainder when 230316 is divided by 84?
72
What is the remainder when 24820 is divided by 302?
56
What is the remainder when 1238765 is divided by 12265?
0
Calculate the remainder when 26317087 is divided by 28.
27
What is the remainder when 3648909 is divided by 108?
21
Calculate the remainder when 15132404 is divided by 84.
56
What is the remainder when 8132051 is divided by 2468?
2459
What is the remainder when 5601801 is divided by 5601797?
4
Calculate the remainder when 15764283 is divided by 1446.
1437
Calculate the remainder when 11585437 is divided by 1287270.
7
Calculate the remainder when 117616 is divided by 116802.
814
Calculate the remainder when 143126 is divided by 6232.
6022
What is the remainder when 1141359 is divided by 445?
379
Calculate the remainder when 4503506 is divided by 66228.
2
What is the remainder when 269660 is divided by 395?
270
What is the remainder when 28042 is divided by 7000?
42
What is the remainder when 98181 is divided by 10809?
900
Calculate the remainder when 205979 is divided by 12116.
7
Calculate the remainder when 505442735 is divided by 8166.
8165
What is the remainder when 163969 is divided by 163902?
67
What is the remainder when 303828 is divided by 12998?
4874
Calculate the remainder when 3487798 is divided by 5.
3
Calculate the remainder when 15430299 is divided by 116017.
38
Calculate the remainder when 1597227 is divided by 798554.
119
Calculate the remainder when 4108516 is divided by 3.
1
Calculate the remainder when 7916348 is divided by 1979071.
64
Calculate the remainder when 42926462 is divided by 1226470.
12
Calculate the remainder when 7816625 is divided by 547.
542
What is the remainder when 161923 is divided by 156?
151
Calculate the remainder when 69385784 is divided by 7709528.
32
Calculate the remainder when 654491 is divided by 1024.
155
What is the remainder when 744985 is divided by 34?
11
What is the remainder when 17070 is divided by 8348?
374
What is the remainder when 599702 is divided by 187?
180
Calculate the remainder when 11749346 is divided by 2701.
2697
What is the remainder when 25445 is divided by 6330?
125
What is the remainder when 9984372 is divided by 74?
70
Calculate the remainder when 2718609 is divided by 156.
153
What is the remainder when 62788 is divided by 599?
492
What is the remainder when 487123 is divided by 426?
205
Calculate the remainder when 74011 is divided by 1086.
163
Calculate the remainder when 88835 is divided by 1234.
1221
Calculate the remainder when 257656 is divided by 419.
390
What is the remainder when 141764 is divided by 94?
12
Calculate the remainder when 25309334 is divided by 4566.
4562
Calculate the remainder when 6878 is divided by 3423.
32
Calculate the remainder when 556954 is divided by 19151.
1575
What is the remainder when 14686 is divided by 162?
106
Calculate the remainder when 140517371 is divided by 381.
380
What is the remainder when 4392388 is divided by 3735?
28
What is the remainder when 162712 is divided by 8532?
604
What is the remainder when 4909001 is divided by 153406?
9
What is the remainder when 104061 is divided by 16967?
2259
What is the remainder when 1648494 is divided by 412123?
2
Calculate the remainder when 1620602395 is divided by 240.
235
Calculate the remainder when 61911 is divided by 4270.
2131
Calculate the remainder when 64456 is divided by 637.
119
What is the remainder when 344373024 is divided by 2845?
2844
Calculate the remainder when 703438 is divided by 351464.
510
What is the remainder when 51289329 is divided by 1268?
1265
Calculate the remainder when 54593 is divided by 490.
203
What is the remainder when 470952 is divided by 1402?
1282
What is the remainder when 4025115 is divided by 1293?
6
Calculate the remainder when 141947396 is divided by 187.
184
What is the remainder when 11781746 is divided by 58?
32
What is the remainder when 13042645 is divided by 296?
293
What is the remainder when 20492746 is divided by 939?
10
What is the remainder when 71624 is divided by 17743?
652
What is the remainder when 4310543 is divided by 862105?
18
What is the remainder when 739544 is divided by 73846?
1084
Calculate the remainder when 67214 is divided by 12593.
4249
What is the remainder when 15142412 is divided by 33?
32
Calculate the remainder when 75153 is divided by 12.
9
What is the remainder when 15900 is divided by 1214?
118
What is the remainder when 15235931 is divided by 45?
11
Calculate the remainder when 3566006 is divided by 604.
594
What is the remainder when 2855740 is divided by 10539?
10210
Calculate the remainder when 12287602 is divided by 392.
362
What is the remainder when 9885006 is divided by 271?
10
Calculate the remainder when 8625166 is divided by 115.
51
What is the re